 - g = f. Is h a multiple of 7?
True
Let l = 97 - 77. Is l even?
True
Let j = 298 + -196. Suppose 2*r - j - 188 = 0. Let l = r - 58. Is l a multiple of 27?
False
Suppose 2002 = 5*t - p, 65*p = t + 60*p - 386. Does 9 divide t?
False
Is 82 a factor of (3 - 21) + 6 + 4194?
True
Suppose 0 = 73*w - 22*w - 25449. Is w a multiple of 33?
False
Let h be (24/36)/(2/(-3)). Let a be 4/6 - 112/24. Does 10 divide a*(h - (4 - 0))?
True
Is ((315/(-6))/(-7))/(12/560) a multiple of 14?
True
Let c = -801 - -2252. Is 141 a factor of c?
False
Is 14 a factor of (10974/295)/(4/10)?
False
Suppose 137593 - 42637 = 123*i. Is i a multiple of 68?
False
Suppose t + 5*u = 26, -3*t + 4*u - 88 = -7*t. Let k be (-6)/t*(-3 - 4). Is 16 a factor of (0 + -96)/((-3)/k)?
True
Suppose 2*q + 0*q - 22 = 3*l, 25 = q - 5*l. Suppose -3*w - 2*t + 64 = -137, 0 = -q*w - 4*t + 333. Is w a multiple of 7?
False
Suppose 5*v - 55 = 10*v. Let s = 14 - v. Is 9 a factor of s?
False
Let l = -50 - -65. Is (-10)/l + 706/6 a multiple of 13?
True
Let o be (-532)/21 - 2/(-6). Does 13 divide 140/o*-30*1?
False
Let j(z) = 45*z + 277. Is j(12) a multiple of 58?
False
Suppose -7*t + 10*t = 1290. Is t a multiple of 21?
False
Let a(v) = 2*v**2 + 21*v + 45. Does 41 divide a(-13)?
False
Suppose -3*r + 2*r = 32. Suppose 0 = -2*f + s - 4*s - 61, 0 = 4*f + 3*s + 107. Let k = f - r. Is k a multiple of 3?
True
Let i = 14 + -12. Suppose 2*v = -2*x + 142, -x - x = -i. Is 35 a factor of v?
True
Suppose -10*v - 9*v + 14250 = 0. Does 3 divide v?
True
Let m be 423*(-1)/(1 - 4). Let l = m - -21. Suppose 6*n = l + 270. Does 12 divide n?
True
Suppose 2*u = -3*u - 3*h, 5*h = -2*u. Let n be (6/(-8))/((-2)/192). Suppose u = -0*a + 6*a - n. Does 3 divide a?
True
Let r(v) = 75*v**2 + 42*v - 247. Does 52 divide r(6)?
False
Let w(z) = 5*z + 162. Does 4 divide w(-30)?
True
Let q(w) = -93*w + 484. Is q(-52) a multiple of 14?
True
Suppose f - 133 = 655. Suppose -2*z = -5*y + 998, y + z = -3*y + f. Is 33 a factor of y?
True
Let t(u) = 10*u - 3*u**2 - 7*u - u**3 + 7*u - 13*u**2 - 20. Is t(-17) a multiple of 11?
True
Suppose 7*j - 5*s - 44 = 6*j, -j = 2*s - 58. Is 27 a factor of j?
True
Suppose 5*t + 19 = 79. Suppose 23 = q - t. Is 23 a factor of q?
False
Suppose 0 = -0*g - 3*g - 1419. Let x be g/4 - 11/(-44). Is 8 a factor of x/(-4) - (-15)/30?
False
Suppose 19*r - 23*r + 360 = 0. Is 3 a factor of r?
True
Suppose 4*l + 3*c = 21, -l + 6*c - 9 = 2*c. Let p(t) = -t**2 + 6*t - 4. Let b be p(l). Suppose 0 = 5*w + 3*f - 79, -b*w - 2*f + 31 = -50. Is w a multiple of 17?
True
Let p(c) = c**2 - 13*c + 25. Does 5 divide p(0)?
True
Suppose 252 = 38*r - 35*r. Does 9 divide r?
False
Let g(x) = 3*x + 6. Let c be ((-4)/(-5))/(3/15). Let k be g(c). Is 9 a factor of 318/k + (-2)/(-6)?
True
Suppose 2*b + 9472 = 5*y - 2943, 0 = -y - b + 2483. Is 13 a factor of y?
True
Let j = -255 - -310. Does 22 divide j?
False
Is (-4363)/(-2) - 306/204 a multiple of 20?
True
Let s = 36 - 4. Suppose -s = -2*d + 5*h, -4*h = -2*d - 0*h + 36. Does 8 divide d?
False
Let g = -839 + 1181. Is 9 a factor of g?
True
Suppose 5*r - 1236 = 564. Is r a multiple of 18?
True
Let r be (-6)/(-18) - (-2284)/6. Suppose -r + 133 = -2*k. Does 15 divide k?
False
Let p(v) = 2*v**2 + 8*v - 5. Let q be p(-5). Suppose 3*t + 0*j = -3*j + 198, 160 = 2*t - q*j. Does 11 divide t/6 - 4/6?
True
Let a be 12/(-3)*(1 + 4). Is -7*9/(126/a) a multiple of 4?
False
Let x be (15/(-6))/((-1)/2). Suppose 0 = -x*t + 4*n + 82, -t + 8 = n - 3. Is 7 a factor of t?
True
Let f be 8/5*15/6. Let k(n) = 2*n + f + 0 + 2. Does 14 divide k(11)?
True
Suppose -n - 1 = -3. Let r = n - 2. Suppose -3*x + r*x = -30. Is 5 a factor of x?
True
Suppose -3*a + 57 = 2*a - 3*b, 6 = 2*a + 3*b. Suppose 0 = 5*q + 3*d - 114, 2*q - 3*d = 24 + a. Does 14 divide q?
False
Let p = -643 + 695. Is 4 a factor of p?
True
Suppose -55*r = -48*r - 336. Is 26 a factor of r?
False
Let t = 506 + -334. Suppose -236 = -3*x + t. Is 17 a factor of x?
True
Let i = -24 + 27. Does 8 divide 51 + 4 + -10 + i?
True
Suppose 0 = 2*n + b - 394, -b = 4*n - 0*b - 784. Let o = n - 67. Is o a multiple of 16?
True
Let c(w) = -w**2 + 15*w + 14. Let p be 280/21 + 4/(-3). Does 13 divide c(p)?
False
Let t(y) = 3*y + 12. Let s be t(0). Let p = 44 - s. Is 32 a factor of p?
True
Let h(y) = 12*y - 11. Let j(b) = -23*b + 22. Let r(k) = 5*h(k) + 3*j(k). Is r(-4) a multiple of 25?
False
Let s(m) = -m**2 + 41*m - 107. Does 44 divide s(20)?
False
Suppose 0 = 4*u - 4*a - 5256, 5254 = 2*u + 2*u - 2*a. Is 26 a factor of u?
False
Let i = 194 + -83. Suppose 5*a = -x + i, -66 = a - 3*a + 5*x. Does 10 divide a?
False
Suppose -99*y + 41827 = -7475. Does 6 divide y?
True
Let b(k) = -k**2 - 11*k + 4. Let t be b(-13). Is 5 a factor of (10/3)/(t/(-99))?
True
Suppose -3*x - 254 + 12 = j, -3*x + 4*j - 247 = 0. Let k = x + 161. Is 26 a factor of k?
False
Suppose z + 3*c = 870, 5*z - 4255 = -11*c + 15*c. Is z a multiple of 19?
True
Suppose 4*o + 28 = 3272. Does 47 divide o?
False
Let h(k) = 51*k**3 + 2*k**2 - k. Let a(y) = y**3 + 6*y**2 + 6*y + 6. Let t be a(-5). Is h(t) a multiple of 26?
True
Suppose 0*f = -3*q - f - 50, 3*q + 3*f = -42. Does 6 divide (q/8)/(14/(-280))?
False
Suppose 4 = -v + 3, -3*d = -2*v + 40. Let t = d - -19. Suppose -t*p + 511 = 66. Is p a multiple of 23?
False
Suppose -3*i = -15, -7*d + 2*d + 5*i = 0. Suppose 5*z = -2*a + 15, 5*a = d*z - 1 - 14. Suppose a = -3*m - l + 41, 5*m = -3*l - l + 73. Is 13 a factor of m?
True
Let n(y) = y**2 + y - 8. Let h be n(4). Let r(l) = l**3 - 13*l**2 + 12*l + 2. Let d be r(h). Does 11 divide (-3)/(((-4)/22)/d)?
True
Let o = -431 + 618. Is 11 a factor of o?
True
Let g = -743 + 1509. Is 15 a factor of g?
False
Let i(t) = 10*t + 15 - 21*t - 6 + 10*t. Let q be i(9). Suppose -w + 1 = q, 0*l - 99 = -5*l + w. Does 18 divide l?
False
Suppose -2*y = -3*y + 3. Let t = 62 + -46. Suppose s - t = -y*s. Is s a multiple of 4?
True
Let b = -2039 - -2057. Does 11 divide b?
False
Let w be (12/9)/((-2)/(-6)). Suppose w*z - z = 6, 2*u = 2*z - 32. Let f(i) = -i - 2. Is 4 a factor of f(u)?
True
Suppose -k = 2*h - 1434 - 1331, 5*h - 5527 = -2*k. Does 47 divide k?
False
Suppose 0 = 5*h - 10 - 5. Suppose -9 = 4*y - 9*y + h*l, 3 = 2*y - l. Is y + (0 - -83) + -3 a multiple of 16?
True
Let x(y) be the first derivative of y**4/4 - 3*y**3 + 3*y**2/2 - 10*y + 11. Let l be x(11). Suppose 2*u = -3*u + l. Is 9 a factor of u?
False
Let l(t) = 106*t - 122. Is 62 a factor of l(15)?
False
Let d be 1*-4*7/(-56)*8. Let f(t) be the third derivative of t**6/120 - t**5/15 + t**4/6 + t**3/3 + t**2. Does 12 divide f(d)?
False
Let y(l) = l**2 + 5*l. Let t(h) = 2*h**2 + h - 1. Let a be t(2). Let b = a + -17. Is y(b) a multiple of 8?
True
Let r(u) = -u**2 - 15*u - 10. Let o be r(-19). Let t = o - -114. Is t a multiple of 10?
False
Let w = 17 + -12. Let l be 8 + w/((-15)/9). Suppose 2*r - 17 = -l. Is r even?
True
Let l(s) = -7*s**2 - 5*s + 33. Let t(a) = -11*a**2 - 7*a + 49. Let z(y) = -8*l(y) + 5*t(y). Is 4 a factor of z(7)?
False
Is -309*2*((-78)/(-18) + -5) a multiple of 103?
True
Let b(z) = 2*z + 17. Let m(x) = -x - 11. Let p(y) = -5*b(y) - 8*m(y). Does 2 divide p(-2)?
False
Let c(j) = 142*j + 2. Is 6 a factor of c(1)?
True
Is 4009 - ((-36)/(-45))/(4/10) a multiple of 12?
False
Does 27 divide -4*(-18)/120*(2 + 83)?
False
Suppose 44*x = 40*x + 7040. Is x a multiple of 80?
True
Let t = 48 - 22. Is t a multiple of 26?
True
Suppose -8*h = 10*h - 90540. Does 140 divide h?
False
Suppose 0*m - 7*m + 49 = 0. Let i(w) = 4*w - 6. Is 11 a factor of i(m)?
True
Suppose -3*q = o - 12, 4*o - 19 - 29 = 5*q. Does 12 divide o?
True
Let r(u) = 2*u**2 - 1. Let j(b) = -7*b**2 + b + 1. Let o(w) = -j(w) + 5*r(w). Does 24 divide o(3)?
True
Let h = 251 + -141. Does 2 divide h?
True
Let v(x) be the third derivative of 47*x**7/1260 + x**6/720 - x**4/12 + 7*x**2. Let z(m) be the second derivative of v(m). Is 30 a factor of z(1)?
False
Is (-11)/((-1)/16*1) a multiple of 16?
True
Let t(u) = -5*u. Let v(a) = -a - 1. Let j be v(-4). Suppose -j*n - 3*l - 17 = -2, -3*l + 3 = 0. Does 15 divide t(n)?
True
Let n = 14 - 21. Let u = -4 - n. Suppose d - 3*d - a = -163, -u*d = 2*a - 247. Is 20 a factor of d?
False
Let w = -5 + 1. Let k be -4*5*w/16. Suppose -2*q = -k*q + 48. Does 9 divide q?
False
Let w be (-2)/(8/12) - -4. L